0?
-6223
In base 9, what is -63 + -10?
-73
In base 15, what is -11 - 4dc?
-4ed
In base 11, what is 0 + -25?
-25
In base 14, what is c + -15?
-7
In base 2, what is -101000110 + 1000?
-100111110
In base 5, what is 1104 + 10?
1114
In base 7, what is 51220 + -1?
51216
In base 4, what is 11 + -213010?
-212333
In base 6, what is 0 + 22320?
22320
In base 3, what is 20112 + -10?
20102
In base 10, what is 69 - -78?
147
In base 2, what is -100101 + -101?
-101010
In base 16, what is 1 - 5e?
-5d
In base 9, what is 3 - 135?
-132
In base 3, what is -201 - 110222?
-111200
In base 2, what is 0 + 1111010011?
1111010011
In base 4, what is 111 + -101322?
-101211
In base 5, what is -1402 - -1?
-1401
In base 9, what is 7 - -4?
12
In base 6, what is -103 + -104?
-211
In base 15, what is -4 + -104?
-108
In base 2, what is -111111 + 1010?
-110101
In base 11, what is -685 + 5?
-680
In base 15, what is 6a - 0?
6a
In base 8, what is -152 - 2?
-154
In base 16, what is a - -1a?
24
In base 7, what is -26565 - -4?
-26561
In base 4, what is 0 - -32?
32
In base 14, what is 0 + -a6?
-a6
In base 16, what is 4 - 6d8?
-6d4
In base 11, what is 18a - -1?
190
In base 4, what is 0 - -1002?
1002
In base 9, what is 3 - -11?
14
In base 3, what is 12 - -22011?
22100
In base 16, what is -4 + 4a?
46
In base 11, what is -348 + -3?
-350
In base 15, what is -5 + -12?
-17
In base 13, what is -19 + b?
-b
In base 7, what is 2404 + 0?
2404
In base 12, what is -8b8 + 4?
-8b4
In base 11, what is 12253 - 4?
1224a
In base 11, what is -4 - -49?
45
In base 11, what is 44 - 77?
-33
In base 9, what is 412 - 3?
408
In base 15, what is -261 - 1?
-262
In base 3, what is -1021000 + 10?
-1020220
In base 4, what is 3 - -10011?
10020
In base 8, what is 1 - 1432?
-1431
In base 15, what is -a3 - 1?
-a4
In base 12, what is -42 + -21?
-63
In base 8, what is 1 + -41?
-40
In base 9, what is -2 - -2468?
2466
In base 13, what is -5 + 2a1?
299
In base 11, what is 4 - 15?
-11
In base 11, what is 647 - -4?
650
In base 16, what is -4 - -1f9?
1f5
In base 3, what is -11 - 12021?
-12102
In base 13, what is -8b8 - 5?
-8c0
In base 8, what is -6 + 376?
370
In base 4, what is -3313 + 113?
-3200
In base 10, what is -3993 - -5?
-3988
In base 10, what is -7 + -12?
-19
In base 6, what is 112403 + 2?
112405
In base 14, what is -1 + -17?
-18
In base 13, what is 4 + 150?
154
In base 13, what is -22 - -12?
-10
In base 5, what is -212 + -3?
-220
In base 14, what is -3 + -492?
-495
In base 4, what is 2001 + 2?
2003
In base 2, what is -1001 - 10100100?
-10101101
In base 12, what is -b - 27?
-36
In base 11, what is -641 + -3?
-644
In base 15, what is 0 + 7a?
7a
In base 15, what is -292 - -1?
-291
In base 6, what is 442 - -31?
513
In base 2, what is -1 + 10111?
10110
In base 13, what is 6 - 2a?
-24
In base 8, what is -5 + -2016?
-2023
In base 8, what is -1 - 30?
-31
In base 5, what is 1 - -413?
414
In base 9, what is 653 - 6?
646
In base 16, what is 3 - -bd?
c0
In base 5, what is -120043 - 1?
-120044
In base 13, what is -6 + 317?
311
In base 10, what is -3 + 292?
289
In base 14, what is 2 - 6b?
-69
In base 2, what is 1110 + 11101?
101011
In base 4, what is -10 - 2200?
-2210
In base 9, what is -4 - -31?
26
In base 3, what is -10 - 21?
-101
In base 5, what is 0 - -1230?
1230
In base 3, what is 1000122 + -12?
1000110
In base 16, what is 1 - 29?
-28
In base 2, what is 11 + -11110001010?
-11110000111
In base 11, what is 244 + 4?
248
In base 6, what is -5 - -3421?
3412
In base 7, what is 604 - 21?
553
In base 10, what is -21 - 9?
-30
In base 7, what is 0 - 216?
-216
In base 5, what is 113103 + 0?
113103
In base 15, what is 7 + -2d?
-26
In base 5, what is 2121 - -10?
2131
In base 14, what is 7c - -1?
7d
In base 4, what is 1 + 1121?
1122
In base 3, what is 221 + -100122?
-22201
In base 3, what is 1020 - 11?
1002
In base 13, what is 4 - -64?
68
In base 14, what is 15 - -7a?
91
In base 10, what is 42 - -5?
47
In base 3, what is -12210 + -1201?
-21111
In base 11, what is -733 - 4?
-737
In base 14, what is -18b + 8?
-183
In base 9, what is 40 + 2?
42
In base 2, what is 1 - 100011011010?
-100011011001
In base 10, what is -2 + -22?
-24
In base 7, what is 400 + -4?
363
In base 4, what is -1023 - -1?
-1022
In base 15, what is 19 - 1b?
-2
In base 13, what is -1 - 41?
-42
In base 16, what is -1 - 1?
-2
In base 10, what is -2 - -9?
7
In base 3, what is -21000 - 1?
-21001
In base 16, what is 7 + 5?
c
In base 4, what is 300 - 301?
-1
In base 5, what is 103 - 1023?
-420
In base 2, what is 100111 - 111?
100000
In base 15, what is -13 + -3?
-16
In base 10, what is -101 - -3?
-98
In base 8, what is -31477 + -2?
-31501
In base 4, what is -21 + -1001?
-1022
In base 12, what is -b82 + 3?
-b7b
In base 9, what is -66 + -12?
-78
In base 7, what is -631 + -4?
-635
In base 5, what is -4 + -22204?
-22213
In base 4, what is 1 - -300?
301
In base 7, what is 24 - 42?
-15
In base 13, what is 3 + -44?
-41
In base 13, what is 12c9 - 4?
12c5
In base 6, what is -453 - 5?
-502
In base 10, what is -4 + 1504?
1500
In base 10, what is 2 + -8?
-6
In base 13, what is -4 + -5b?
-62
In base 11, what is -90 + 8?
-83
In base 9, what is 4 + 117?
122
In base 16, what is -10 + -d1?
-e1
In base 5, what is -22 - -12?
-10
In base 7, what is 4 + 4?
11
In base 7, what is -100311 + 4?
-100304
In base 8, what is 1467 + -3?
1464
In base 8, what is -27 - 51?
-100
In base 4, what is -32 + 13?
-13
In base 8, what is 7 + 1560?
1567
In base 6, what is 32333 + -1?
32332
In base 8, what is -7121 - -2?
-7117
In base 15, what is -5 + 80c?
807
In base 15, what is 2 - -44c?
44e
In base 6, what is -3 - -101?
54
In base 4, what is -3 + -2232?
-2301
In base 15, what is 0 + -37?
-37
In base 10, what is -13 + 3?
-10
In base 10, what is 4 - 22?
-18
In base 4, what is 10111 - 10?
10101
In base 15, what is b - -32?
3d
In base 13, what is 2 + -2a9?
-2a7
In base 11, what is 408 + -14?
3a4
In base 2, what is -100011 - 100?
-100111
In base 7, what is 5 - -231?
236
In base 3, what is 22 - -221?
1020
In base 12, what is -8 + -5?
-11
In base 9, what is 5 - -47?
53
In base 4, what is -223223 + 11?
-223212
In base 10, what is 3 + -242?
-239
In base 9, what is -8 - 26?
-35
In base 5, what is 0 - 30100?
-30100
In base 16, what is 1 - -106?
107
In base 4, what is -11 + 33?
22
In base 6, what is 11 - 2?
5
In base 9, what is 35 - -4?
40
In base 4, what is -202100 + 1?
-202033
In base 9, what is 278 - 4?
274
In base 7, what is -4 + -313?
-320
In base 14, what is -a7a + -4?
-a80
In base 7, what is 1 + 3554?
3555
In base 10, what is -2 - -1237?
1235
In base 15, what is 1d7 - -5?
1dc
In base 8, what is 12 + 10?
22
In base 9, what is -443 + -4?
-447
In base 16, what is 11 - 155?
-144
In base 16, what is 980 + 0?
980
In base 12, what is -13 - -106?
b3
In base 13, what is -7 + -1?
-8
In base 13, what is 24956 - -3?
24959
In base 8, what is 1 + -23?
-22
In base 5, what is 2 + -1023?
-1021
In base 7, what is -10 - -1341?
1331
In base 13, what is -2 + 6c2?
6c0
In base 10, what is -2 - -253?
251
In base 16, what is -7b - -3?
-78
In base 3, what is -2 + 20?
11
In base 2, what is -100100101101 - 100?
-100100110001
In base 16, what is 5 - 279?
-274
In base 12, what is 517 - -4?
51b
In base 14, what is 1 + 63?
64
In base 5, what is 0 + 1134?
1134
In base 6, what is -10 - 5?
-15
In base 12, what is -51 - 6?
-57
In base 8, what is 2 - -252?
254
In base 14, what is 0 - -697?
697
In base 2, what is 1 - -10111101000?
10111101001
In base 10, what is -14290 - -1?
-14289
In base 9, what is 1304 + 13?
1317
In base 12, what is 2600 - 3?
25b9
In base 2, what is 101100 - -100110011?
101011111
In base 15, what is 161 - 0?
161
In base 4, what is -33 + -102003?
-102102
In base 16, what is 7 - 492?
-48b
In base 9, what is -17 - 1?
-18
In base 15, what is 41 - -32?
73
In base 13, what is -2608 - 5?
-2610
In base 13, what is 50 + -1?
4c
In base 13, what is 8 + -2a?
-22
In base 9, what is -7404 - -1?
-7403
In base 9, what is 401 - 5?
385
In base 9, what is -125 - 3?
-128
In base 4, what is -110 - -102?
-2
In base 8, what is 146 - -5?
153
In base 7, what is 16443 + 0?
16443
In base 3, what is -1121 + -11?
-1202
In base 4, what is -223 + 302?
13
In base 14, what is 5 - -17?
1c
In base 7, what is -21 - -5?
-13
In base 7, what is 26 + -351?
-322
In base 15, what is ca 